{"id":112,"date":"2018-06-26T17:55:55","date_gmt":"2018-06-26T15:55:55","guid":{"rendered":"http:\/\/innotek.fr\/?page_id=112"},"modified":"2018-06-26T18:31:53","modified_gmt":"2018-06-26T16:31:53","slug":"activities","status":"publish","type":"page","link":"https:\/\/innotek.fr\/index.php\/activities\/","title":{"rendered":"ACTIVITIES"},"content":{"rendered":"<h3 style=\"text-align: center;\"><strong>NOS ACTIVITES<\/strong><\/h3>\n<h3><\/h3>\n<h3><strong>DEVELOPPEMENT D&#8217;APPLICATIONS<\/strong><\/h3>\n<ul>\n<li><strong>Sur environnements Linux, Unix et Windows<\/strong><\/li>\n<li><strong>Applicatifs standalone, architectures client\/serveur (thick\/thin client), plugins<\/strong><\/li>\n<li><strong>Interfaces standards, tactiles ou syst\u00e8mes embarqu\u00e9s<\/strong><\/li>\n<li><strong>Gestion des donn\u00e9es autonomes ou en bases de donn\u00e9es<\/strong><\/li>\n<\/ul>\n<h3><\/h3>\n<h3><strong>ACQUISITION DE DONNEES<\/strong><\/h3>\n<ul>\n<li><strong>Capture \u00e9lectronique de l&#8217;information (via proc\u00e9d\u00e9 externe ou <em>in situ<\/em>)<\/strong><\/li>\n<li><strong>Traitement \u00e9lectronique du signal<\/strong><\/li>\n<li><strong>Acquisition num\u00e9rique\/analogique<\/strong><\/li>\n<\/ul>\n<h3><\/h3>\n<h3><strong>PILOTAGE DE PROCESS<\/strong><\/h3>\n<blockquote>\n<ul>\n<li>\n<h3><strong>Gestion temps r\u00e9el selon les contraintes d&#8217;ordonnancement (guidage, production, s\u00e9curit\u00e9, qualit\u00e9)<\/strong><\/h3>\n<\/li>\n<li>\n<h3><strong>Interfa\u00e7age \u00e9lectronique depuis ou vers le processus<\/strong><\/h3>\n<\/li>\n<\/ul>\n<\/blockquote>\n","protected":false},"excerpt":{"rendered":"<p>NOS ACTIVITES DEVELOPPEMENT D&#8217;APPLICATIONS Sur environnements Linux, Unix et Windows Applicatifs standalone, architectures client\/serveur (thick\/thin client), plugins Interfaces standards, tactiles ou syst\u00e8mes embarqu\u00e9s Gestion des donn\u00e9es autonomes ou en bases de donn\u00e9es ACQUISITION DE DONNEES Capture \u00e9lectronique de l&#8217;information (via proc\u00e9d\u00e9 externe ou in situ) Traitement \u00e9lectronique du signal Acquisition num\u00e9rique\/analogique PILOTAGE DE PROCESS Gestion [&hellip;]<\/p>\n","protected":false},"author":1,"featured_media":0,"parent":0,"menu_order":0,"comment_status":"closed","ping_status":"closed","template":"","meta":[],"_links":{"self":[{"href":"https:\/\/innotek.fr\/index.php\/wp-json\/wp\/v2\/pages\/112"}],"collection":[{"href":"https:\/\/innotek.fr\/index.php\/wp-json\/wp\/v2\/pages"}],"about":[{"href":"https:\/\/innotek.fr\/index.php\/wp-json\/wp\/v2\/types\/page"}],"author":[{"embeddable":true,"href":"https:\/\/innotek.fr\/index.php\/wp-json\/wp\/v2\/users\/1"}],"replies":[{"embeddable":true,"href":"https:\/\/innotek.fr\/index.php\/wp-json\/wp\/v2\/comments?post=112"}],"version-history":[{"count":3,"href":"https:\/\/innotek.fr\/index.php\/wp-json\/wp\/v2\/pages\/112\/revisions"}],"predecessor-version":[{"id":138,"href":"https:\/\/innotek.fr\/index.php\/wp-json\/wp\/v2\/pages\/112\/revisions\/138"}],"wp:attachment":[{"href":"https:\/\/innotek.fr\/index.php\/wp-json\/wp\/v2\/media?parent=112"}],"curies":[{"name":"wp","href":"https:\/\/api.w.org\/{rel}","templated":true}]}}